= -n**2 - 6*n + 2. Calculate the remainder when 53 is divided by c(-3).
9
Let g be (-12)/8*76/(-3). Let n = g + -18. Calculate the remainder when 57 is divided by n.
17
Let p = 10 + -8. Suppose 4*h = t + 23, 2*h - 34 = -2*t - p*t. Calculate the remainder when h is divided by 3.
1
Let k(a) = 3*a**2 + 3*a - 2. Let w = 4 - 0. Calculate the remainder when k(w) is divided by 15.
13
Let q = -163 + 273. Calculate the remainder when q is divided by 28.
26
Let t = 1 - 0. Suppose j = -2*h - 2*j - 6, 0 = 5*h + 4*j + 8. Suppose 5*l - 5 = -h*l. Calculate the remainder when l is divided by t.
0
Let r be 18/(-8)*(-8)/3. Suppose -9 = -3*g - 3*p + 6, 2*g - 2*p - r = 0. What is the remainder when 57/5 - g/10 is divided by 4?
3
Suppose 2*k - 6 = -2. Let q = -11 - -13. Calculate the remainder when q is divided by k.
0
Let m(f) = -f**3 - 7*f**2 - 6*f + 2. Calculate the remainder when m(-7) is divided by 4/(-18) + (-137)/(-9).
14
Let d(s) = s**3 - s**2 - 2*s + 48. Calculate the remainder when 93 is divided by d(0).
45
Let o be -16*-2*1/4. Suppose 5*c - 34 = -9, -3*y - 7 = c. Let q = y + o. What is the remainder when 9 is divided by q?
1
Let n(k) be the first derivative of -k**2/2 + 3*k + 1. Calculate the remainder when 7 is divided by n(0).
1
Suppose 0*c = -5*c + 20. What is the remainder when 5 is divided by c?
1
Suppose -2*y + 15 = -87. What is the remainder when y is divided by 13?
12
Let i(u) = u**3 - 9*u**2 + 14*u + 19. What is the remainder when i(8) is divided by 14?
11
Let m(l) = 2*l**2 + 4. Let h be m(5). Let i = -28 + h. Calculate the remainder when i is divided by 9.
8
Let f = 119 + -61. Suppose -2*g = -f - 54. Let t = 51 - 32. What is the remainder when g is divided by t?
18
Suppose x + 76 = 4*m, 25 = 4*m - 5*x - 35. Calculate the remainder when m is divided by 11.
9
Let j be 2/8 + 55/20. Suppose 238 = 5*z - j*m, 6*z - 7*z + 38 = -3*m. Let l = 13 + 4. Calculate the remainder when z is divided by l.
16
What is the remainder when 4 + -2 - -2*61 is divided by 25?
24
Suppose -9 = -5*j + 36. Calculate the remainder when 15 is divided by j.
6
Let a(y) = -7*y + 4. Calculate the remainder when a(-6) is divided by 16.
14
Suppose -2*p = -8, -4*c - 2*p = 3*p - 212. What is the remainder when c is divided by 17?
14
Suppose 0 = -5*z + 224 + 161. What is the remainder when z is divided by 41?
36
Let r(n) = n**3 + n**2 + n. Let y be r(-1). Let g = y + -2. Calculate the remainder when -3*-74*g/(-18) is divided by 19.
18
Suppose -5*u = 2*x - 0 + 7, 0 = -4*u - 5*x + 8. Suppose -3*p = -2*p - 11. Let w = u + p. What is the remainder when 15 is divided by w?
7
Let a = -1 + 18. What is the remainder when a is divided by 4?
1
Suppose 3*w = 5*c + 44, -54 + 18 = -5*w - c. Suppose 4*i + 4*a = 3*a + w, 4*i + 4*a - 8 = 0. What is the remainder when 2 is divided by ((4 - i) + -1)*1?
0
Calculate the remainder when (15*-1)/((-3)/2) is divided by 4.
2
Suppose -4*s = 3*i - 40, -4*s - s + 75 = 5*i. Calculate the remainder when i is divided by 6.
2
What is the remainder when (-48)/2*(-6)/((-48)/(-28)) is divided by 43?
41
Suppose 0 = -v + 5*t + 9 + 3, 5*v - t = 108. Suppose w = 13 + v. What is the remainder when w is divided by 18?
17
Let s = 3 + 2. Let m be (-8)/(-6)*(-6)/(-4). Suppose -4*t - 52 = -m*b, b + s*t = 3*b - 48. Calculate the remainder when b is divided by 12.
10
What is the remainder when ((-2)/4)/(3/(-54)) is divided by 2/11 + (-318)/(-66)?
4
Let k(o) = o**2 - 3*o - 4. Let l = -21 + 34. What is the remainder when k(7) is divided by l?
11
Let h be ((-84)/(-6))/((-2)/(-10)). Let f = -136 + 213. Suppose -u = -5*q + f, 0 = -4*q + 3*u - 5*u + h. Calculate the remainder when 31 is divided by q.
15
Let d = -9 + 62. What is the remainder when d is divided by 14?
11
Suppose 2*f - 45 = 4*i - 5*i, -3*i - 15 = 0. Calculate the remainder when 43 is divided by f.
18
Suppose -3*p = -4*p + 17. Calculate the remainder when 33 is divided by p.
16
What is the remainder when 24 is divided by 2 - (2 - (4 - -3))?
3
Suppose -2*f + 536 = 2*f. Calculate the remainder when f is divided by 35.
29
Let k be 2/(-4)*-4 - 0. Suppose 3*o - 4 = -5*d, -o - k = -d - 6. Suppose -4*c = -3*f - c + 33, f - o*c = 9. What is the remainder when f is divided by 7?
5
Suppose 5*y + 3*r - 650 = -r, 0 = 4*r - 20. Calculate the remainder when y is divided by 43.
40
Let u(z) = 3*z**3 + 5*z**2 - 3*z + 4. Let b be u(-4). Let l = 55 + b. Let o = -28 - l. What is the remainder when 50 is divided by o?
11
Let c = 7 - -11. What is the remainder when c is divided by 10?
8
Let k(w) = w + 17. Let s(f) = 7*f - 2. Let p = 3 - -2. Calculate the remainder when s(p) is divided by k(0).
16
Let c = 10 - -30. Calculate the remainder when 74 is divided by c.
34
Let t be 20/(-6)*(-54)/9. Suppose -4*z + y = -112 + t, 2*z + 3*y = 46. What is the remainder when z is divided by 6?
5
Suppose -8 = -7*y + 3*y. Suppose y*b + 172 = 5*c, -5*b = -2*c - 3*c + 175. What is the remainder when c is divided by 9?
7
Let a = -73 + 81. Calculate the remainder when 71 is divided by a.
7
Let q(f) = -9*f - 2. Suppose 3*w - 5*p = 23, 5*w - 3*w + 10 = -3*p. Let z = w - -14. Calculate the remainder when q(-5) is divided by z.
13
Let v(y) = -6*y - 11. Let u = -50 - -86. Calculate the remainder when u is divided by v(-4).
10
Calculate the remainder when 107 + (-2)/(3 + -1) is divided by 27.
25
Let b(h) = 1 + 1 + 1 + 3 + h. Let a(o) = -o**3 + 3*o - 1. Calculate the remainder when a(1) is divided by b(-5).
0
Suppose 3*b + 216 = 7*b. What is the remainder when b is divided by 30?
24
Let a(v) = 2*v + 9. What is the remainder when 78 is divided by a(9)?
24
Suppose -2*b + b = 0. Let u(y) = -2 - y**2 + y**3 + b*y**3 + 3*y**2 + y. Calculate the remainder when 47 is divided by u(2).
15
Let y(m) = m**2 + 2*m + 1. Let w be 2*(1 - 3/(-3)). Suppose 3*n - 10 = -g, -2*n - w*g + 9 + 1 = 0. Calculate the remainder when y(-3) is divided by n.
1
Let m(y) = -4*y - 6. Suppose 2*s - 5*o + 17 - 3 = 0, 0 = -2*s + 2*o - 14. What is the remainder when 64 is divided by m(s)?
20
Suppose -2*j + 72 = -5*j. What is the remainder when (-664)/j + (-2)/3 is divided by 14?
13
Suppose 4*y - 529 = -25. Suppose -2*b + y = 30. Suppose 6*p - 3*p - b = 0. What is the remainder when 47 is divided by p?
15
Suppose -2*a + 3*b + 8 = 0, a - 4*b = 5*a - 56. Suppose 5*h - a = 20. What is the remainder when 16 is divided by h?
4
Suppose 0 = -l - 5*w - 12, 4*l + 4*w - 14 = 2. What is the remainder when (0 - (1 + 0)) + 31 is divided by l?
6
Suppose 18 = h + 3*j, 3*h - 56 + 8 = -3*j. Suppose 3*g = -3*n + 6*g + 138, -136 = -3*n + 2*g. Calculate the remainder when n is divided by h.
14
Let i(p) = -p**2 - 5*p - 2. Let u be i(-3). Suppose u*n - 4 = 16. Suppose 5*h = -c + 42, -112 = -4*c - n*h + 11. What is the remainder when c is divided by 7?
6
Calculate the remainder when (-15)/6*72/(-30) is divided by 1.
0
Let z be (-2)/10 + (-11)/(-5). Suppose x = -z*x + 24. What is the remainder when 26 is divided by 4*1*28/x?
12
Let i(o) = o**2 + o + 11. Let b = -13 + 8. Calculate the remainder when 121 is divided by i(b).
28
Suppose 23 = -q + 4*o + 95, -q + 57 = -o. Calculate the remainder when q is divided by 27.
25
Calculate the remainder when ((-10)/(-7))/(-2 + (-60)/(-28)) is divided by 6.
4
Let o(u) = u - 5. Let z be o(11). Let h = z - -3. What is the remainder when 33 is divided by h?
6
Let y(g) = g**3 - g**2 + 4*g - 3. Let s be y(2). Suppose -2*l + 5*l - s = 0. Calculate the remainder when 20 is divided by 11*((-6)/l - -3).
9
Suppose -3*i = 5*d - 141, -5*i + 17 = -3*d + 122. Let v(p) = -3*p + 45. Calculate the remainder when v(-14) is divided by d.
27
Suppose 28 = -h - 4. Let o be (24/h)/((-2)/(-8)). Let p = o + 8. Calculate the remainder when 13 is divided by p.
3
Suppose 115 = z + 4*z. Let v(l) = 3*l + 7. Let s be v(7). Suppose -4*u - 4*g + 16 = -s, -2*g - 69 = -5*u. Calculate the remainder when z is divided by u.
10
Let z(c) = -c**2 + 3*c + 2. Calculate the remainder when 2 is divided by z(3).
0
Calculate the remainder when (-6)/9*(816/4)/(-4) is divided by 6.
4
Suppose 0 = -s + 9 + 2. Let t be 66/3 + 1*-1. Suppose -q + 0*q + t = 0. Calculate the remainder when q is divided by s.
10
Let j(h) = 7*h - 5. Let n = 6 - 2. What is the remainder when j(n) is divided by 13?
10
Let n be 0 - -2 - 3 - 2. Let w(z) = 6*z**2 - 5*z 